*y - 39894541. What is b(-2021)?
-1
Let d(y) = -369589*y + 1478327. Determine d(4).
-29
Let g(a) = -172*a + 16692. Calculate g(97).
8
Let s(z) = 1061*z - 9814. Determine s(9).
-265
Let s(a) = -2*a**2 + 4084*a - 104844. Give s(26).
-12
Let g(h) = 21250*h + 84939. Calculate g(-4).
-61
Let f(r) = 15843*r + 47745. Calculate f(-3).
216
Let p(k) = -175*k - 1298. Calculate p(-6).
-248
Let k(l) = 260*l**3 + 1050*l**2 - 157. What is k(-4)?
3
Let s(r) = -323936*r - 647873. Determine s(-2).
-1
Let s(p) = 336*p - 4283. Calculate s(16).
1093
Let t(m) = m**2 - 103*m - 775. Determine t(-7).
-5
Let v(c) = 2*c**3 + 28*c**2 - c - 77. Calculate v(-9).
742
Let r(g) = -24*g**2 + 198*g + 749. Calculate r(-3).
-61
Let f(d) = -1954*d + 259861. Calculate f(133).
-21
Let t(p) = 32*p - 5011. Determine t(128).
-915
Let q(c) = c**3 - 749*c**2 + 3727*c - 9. What is q(5)?
26
Let b(v) = 18*v**2 - 2615*v - 306. Calculate b(145).
-1031
Let k(t) = 2*t**2 - 5950*t + 53625. What is k(9)?
237
Let i(d) = 4915*d + 103381. What is i(-21)?
166
Let g(m) = -22840*m - 776556. Give g(-34).
4
Let j(w) = -4*w**2 - 136*w - 1068. Determine j(0).
-1068
Let g(r) = -3*r**2 + 12*r + 1572. Determine g(-18).
384
Let n(d) = -d**3 + d**2 + 177*d + 672. What is n(-4)?
44
Let n(l) = -163*l**2 + 909*l - 1251. Calculate n(4).
-223
Let v(m) = 3*m**3 + 81*m**2 + 65*m + 48. Give v(0).
48
Let n(u) = 2*u**2 - 201*u - 17813. Calculate n(159).
790
Let v(b) = -95*b**2 - 3147*b + 21761. Calculate v(-39).
-1
Let s(t) = 49958*t - 49960. Give s(1).
-2
Let q(h) = -138*h**2 + 31040*h + 2227. Calculate q(225).
-23
Let z(a) = a**2 + 14562*a - 101996. Determine z(7).
-13
Let q(r) = -97*r + 7316. Calculate q(75).
41
Let l(p) = -2*p**3 + 613*p**2 - 414*p + 33272. Calculate l(306).
224
Let x(z) = 16*z**3 + z**2 - 79*z + 351. Determine x(4).
1075
Let l(b) = 128157*b - 2306832. Determine l(18).
-6
Let w(j) = -j**2 + 193*j - 1508. Calculate w(196).
-2096
Let c(g) = 349*g**2 + 13983*g + 894. Give c(-40).
-26
Let r(d) = -1667*d + 91687. Determine r(55).
2
Let s(c) = -5*c**3 + 7*c**2 + 360*c - 798. Calculate s(8).
-30
Let h(b) = 171718*b - 41. Give h(0).
-41
Let z(a) = -5924*a - 90. Give z(0).
-90
Let m(a) = -2*a**2 - 183*a + 1288. What is m(7)?
-91
Let s(k) = -4183*k - 37183. Determine s(-9).
464
Let q(y) = -3485*y**2 - 101061*y + 116. Calculate q(-29).
0
Let s(y) = -23*y**3 + 2*y**2 - 8*y - 30. Give s(0).
-30
Let n(x) = -202*x - 1945. What is n(-11)?
277
Let q(a) = a**2 + 260468*a + 4948545. Determine q(-19).
14
Let o(d) = -6*d**3 - 234*d**2 - 376*d - 5543. Determine o(-38).
81
Let v(q) = 411*q - 31555. Determine v(77).
92
Let i(u) = -169475*u + 2203178. Calculate i(13).
3
Let s(q) = -q**3 - 259*q**2 - 244*q + 3610. What is s(-258)?
-2
Let g(x) = 159*x**2 - 27*x - 42. Determine g(-2).
648
Let g(u) = 80*u**3 - 3280*u**2 - 5*u + 187. Give g(41).
-18
Let l(c) = c**3 + 22*c**2 - 191*c + 30. Give l(-29).
-318
Let n(a) = -1959*a + 30969. Calculate n(15).
1584
Let k(b) = 5*b**3 + 92*b**2 + 190*b + 63. Give k(-2).
11
Let a(t) = -45*t**2 + t - 4. Determine a(1).
-48
Let k(v) = 247*v + 2513. Determine k(-8).
537
Let c(u) = u**2 - 66486*u - 5325276. Give c(-80).
4
Let t(y) = y**2 - 2842*y + 876484. Calculate t(352).
4
Let k(g) = 7436*g - 37151. Calculate k(5).
29
Let g(t) = t**2 - 80187*t + 3846650. Determine g(48).
-22
Let b(d) = 4*d**3 + d**2 - 105*d - 279. Give b(-6).
-477
Let x(f) = f**3 + 61*f**2 - 509*f - 36987. What is x(-59)?
6
Let y(f) = 116*f**2 + 402*f - 404. Calculate y(1).
114
Let o(h) = h**3 - 40*h**2 + 417*h - 53. Determine o(22).
409
Let q(l) = 2*l**3 + 107*l**2 + 1338*l - 41. Determine q(-20).
-1
Let k(c) = -12727*c - 102793. Calculate k(-8).
-977
Let d(c) = 13*c**3 + 8*c**2 - 373*c - 742. What is d(-2)?
-68
Let m(n) = n**3 - 312*n**2 + 2975*n + 13595. Calculate m(302).
5
Let i(t) = t**3 + 36*t**2 - t + 13. Determine i(0).
13
Let q(m) = -10*m**2 - 12449*m + 62496. Determine q(5).
1
Let x(z) = 2*z**3 - 127*z**2 + 1093*z - 215. Calculate x(53).
-1275
Let p(c) = c**3 - 13*c**2 - 1350*c + 6956. Give p(5).
6
Let g(t) = 63*t**2 + 691*t + 1504. Give g(-8).
8
Let f(m) = m**3 + 31*m**2 - 624*m - 12168. Determine f(-39).
0
Let y(b) = 9*b**3 - 6*b**2 - 104*b + 318. Determine y(3).
195
Let b(z) = 8*z**3 - 56*z**2 - 32*z + 250. Give b(7).
26
Let a(f) = -f**3 + 30*f**2 - 70*f - 23. Give a(10).
1277
Let s(o) = o**2 + 3*o - 678. What is s(63)?
3480
Let f(o) = 8839*o - 7300996. Give f(826).
18
Let t(x) = -x**3 - 2*x**2 + 735*x + 5029. Calculate t(-7).
129
Let b(i) = -8*i**3 - 199*i**2 + 55*i + 734. Determine b(-25).
-16
Let l(y) = -5*y**2 - 2500*y - 114472. Calculate l(-449).
23
Let g(y) = -y**2 + 64*y - 576. Determine g(11).
7
Let f(h) = -72*h**2 - 2002*h + 422. Determine f(-28).
30
Let c(b) = -2*b**2 + 42*b + 339. What is c(40)?
-1181
Let y(j) = 10459*j + 20605. Determine y(-2).
-313
Let s(h) = -18*h**2 + 966*h - 2583. Calculate s(51).
-135
Let i(m) = 2500*m - 140208. Give i(56).
-208
Let c(w) = -4381*w + 600246. Give c(137).
49
Let z(v) = -v**3 - 11*v**2 - 22*v - 1220. What is z(-15)?
10
Let a(v) = -201*v + 11837. What is a(67)?
-1630
Let c(f) = 2*f**3 + 16*f**2 - 18*f - 137. Determine c(-13).
-1593
Let s(x) = 289*x**2 - 3333*x + 9478. Determine s(5).
38
Let m(s) = 13064*s - 3266015. Calculate m(250).
-15
Let z(v) = -5*v**3 + 221*v**2 + 183*v - 142. What is z(45)?
-7
Let s(v) = -361*v - 29991. Give s(-83).
-28
Let p(a) = -179*a + 11931. What is p(64)?
475
Let g(f) = 3763*f - 15641. Determine g(4).
-589
Let q(m) = 187*m**2 + 2*m - 745. Give q(0).
-745
Let r(g) = 2*g**3 - 626*g**2 - 14*g + 4401. Calculate r(313).
19
Let b(v) = 3*v**3 - 8*v**2 - 116*v + 554. Give b(4).
154
Let d(j) = 748*j**2 - 23190*j + 15. Calculate d(31).
-47
Let w(p) = -p**3 + 9*p**2 + 1490*p - 14782. Calculate w(10).
18
Let n(c) = 435*c**3 + 13487*c**2 + 49*c - 376. Determine n(-31).
27
Let a(b) = -8*b**2 - 259*b - 775. Determine a(0).
-775
Let o(f) = -f**2 + 459*f + 12559. Calculate o(-26).
-51
Let n(l) = -13179677*l - 52718708. What is n(-4)?
0
Let r(q) = -395*q - 5477. Give r(-13).
-342
Let j(t) = -t**3 - 69*t**2 - 898*t + 45. Give j(-51).
-975
Let i(c) = -1037*c - 63410. What is i(-61)?
-153
Let y(q) = 11*q**3 + 363*q**2 + 55*q + 1814. Determine y(-33).
-1
Let g(f) = 5*f**2 - 70537*f + 352669. Determine g(5).
109
Let l(f) = -f**2 + 61*f - 537. Give l(51).
-27
Let x(t) = 50330*t - 2415811. What is x(48)?
29
Let o(i) = 615*i - 125476. Determine o(204).
-16
Let t(m) = -16754*m - 234483. What is t(-14)?
73
Let f(q) = -3*q**2 - 100*q - 318. Calculate f(-30).
-18
Let c(i) = -35*i + 10628. Give c(248).
1948
Let b(c) = c**3 + 13*c**2 + 760*c + 17925. Determine b(-20).
-75
Let x(f) = f**3 - 43*f**2 + 100*f - 5832. Calculate x(44).
504
Let c(x) = 1069*x**2 - 17096*x - 158. What is c(16)?
-30
Let q(j) = 10*j**2 + 480*j - 627. Give q(-46).
-1547
Let d(n) = -522611*n + 14110494. Calculate d(27).
-3
Let t(g) = -18529*g + 110450. Calculate t(6).
-724
Let a(m) = m**3 - 318*m**2 - 3605*m - 4906. Give a(329).
-300
Let u(i) = -17*i**2 + 7*i - 68. Calculate u(4).
-312
Let v(n) = 41*n**2 + 172*n - 4704. Give v(-13).
-11
Let r(d) = -d**3 + 18*d**2 + 6269*d - 3563. Determine r(-71).
-13
Let f(s) = -186*s + 6367. Give f(31).
601
Let v(k) = -k**3 + 7*k**2 + 27*k - 37. Give v(12).
-433
Let u(h) = 13*h**3 - h**2 - 35*h + 89. Calculate u(4).
765
Let w(u) = -16*u**2 + 749*u - 5908. Give w(10).
-18
Let h(o) = -471*o**2 + 2847*o - 23. What is h(6)?
103
Let z(y) = -2319*y - 788499. Calculate z(-340).
-39
Let l(y) = -y**3 + 10*y**2 + 817*y + 4569. Calculate l(36).
285
Let x(y) = 3938*y + 82648. What is x(-21)?
-50
Let r(q) = -q**2 - 1128657*q - 6771899. Calculate r(-6).
7
Let h(c) = -15400*c + 123104. Give h(8).
-96
Let o(s) = 3*s**2 - 824*s - 9651. Determine o(-12).
669
Let s(v) = v - 276. What is s(-39)?
-315
Let d(h) = -150334*h + 3307329. What is d(22)?
-19
Let f(l) = -l**3 - 135*l**2 - 1697*l + 15. Determine f(-14).
57
Let b(q) = 31*q**2 - 766*q - 100. Determine b(23).
-1319
Let f(m) = -m**3 + 95*m**2 - 2204*m - 2493. What is f(48)?
3
Let p(x) = x**2 - 1779*x + 61028. Calculate p(35).
-12
Let f(z) = -6574*z**2 + 479899*z + 219. What is f(73)?
0
Let c(i) = -606*i - 84872. What is c(-140)?
-32
Let q(r) = -175*r + 39519. What is q(225)?
144
Let f(j) = -353954*j + 60172187. What is f(170)?